26?
38
Calculate the greatest common divisor of 40800546 and 666.
18
What is the highest common divisor of 20 and 1557266?
2
What is the highest common divisor of 162 and 3226122?
54
Calculate the greatest common divisor of 2701 and 133864261.
2701
What is the greatest common factor of 552 and 480180936?
552
What is the highest common divisor of 378556 and 161736?
1172
Calculate the greatest common factor of 15000 and 22457400.
600
What is the greatest common factor of 21471 and 91137?
51
Calculate the greatest common divisor of 186828 and 60348.
12
What is the highest common factor of 17301242 and 14?
14
What is the greatest common factor of 8478635 and 275?
55
What is the highest common divisor of 8712696 and 19272?
1752
Calculate the highest common divisor of 1575 and 325080.
315
What is the greatest common factor of 390 and 24133850?
130
What is the greatest common divisor of 58501584 and 10440?
2088
What is the greatest common factor of 25664397 and 55?
11
Calculate the highest common divisor of 2454197 and 26190.
97
Calculate the greatest common factor of 1729844029 and 2468.
617
Calculate the greatest common divisor of 10000 and 196272.
16
Calculate the greatest common divisor of 32 and 833698464.
32
What is the greatest common factor of 1469148 and 173880?
276
Calculate the greatest common divisor of 288 and 5262144.
96
Calculate the greatest common divisor of 92 and 709768109.
23
What is the highest common divisor of 1792 and 2708224?
256
What is the highest common factor of 10734 and 44782248?
10734
Calculate the greatest common factor of 1085328 and 2772.
36
Calculate the highest common factor of 1276504 and 184.
8
What is the highest common divisor of 2032764 and 4758?
366
What is the greatest common factor of 10092867 and 445?
89
What is the greatest common divisor of 406 and 726488?
14
Calculate the greatest common factor of 212715 and 28525.
815
Calculate the greatest common divisor of 7120 and 29195560.
3560
What is the highest common divisor of 1831330 and 4580820?
4990
What is the highest common factor of 1519 and 1925906?
31
Calculate the highest common divisor of 29193 and 16798.
37
Calculate the greatest common factor of 1 and 58470794.
1
Calculate the greatest common factor of 848 and 16929712.
16
Calculate the greatest common factor of 39031 and 33097.
23
Calculate the greatest common divisor of 2577 and 366421053.
2577
What is the greatest common factor of 573184 and 306688?
256
What is the highest common factor of 4182825 and 20425?
1075
Calculate the greatest common factor of 483 and 42486129.
483
What is the highest common divisor of 345349856 and 1376?
1376
Calculate the greatest common divisor of 52339401 and 27.
9
Calculate the greatest common divisor of 339 and 191047179.
339
What is the greatest common divisor of 353 and 10362315?
353
Calculate the highest common divisor of 103782978 and 53010.
10602
What is the highest common divisor of 1000 and 225725?
25
What is the highest common divisor of 183782583 and 9?
9
What is the highest common factor of 2400 and 36910000?
400
What is the highest common factor of 395460 and 146178240?
10140
Calculate the highest common factor of 38497 and 5981009.
137
Calculate the greatest common divisor of 2701 and 470631.
73
Calculate the greatest common factor of 78952 and 2464.
8
Calculate the highest common divisor of 7080 and 56460640.
2360
Calculate the greatest common divisor of 5219937 and 261.
9
Calculate the greatest common factor of 16770 and 82095.
195
Calculate the highest common factor of 2753 and 75980047.
2753
Calculate the greatest common factor of 42351694 and 138.
46
Calculate the greatest common divisor of 4890320 and 1616.
16
Calculate the highest common divisor of 52309 and 20104285.
289
What is the highest common factor of 2604 and 35688936?
372
Calculate the greatest common divisor of 616 and 4439292.
44
Calculate the greatest common divisor of 65 and 24562265.
65
Calculate the greatest common divisor of 1560 and 59776.
8
Calculate the greatest common factor of 602862 and 409578.
4602
Calculate the highest common divisor of 8180 and 20782108.
1636
Calculate the highest common factor of 147 and 28802949.
21
What is the greatest common factor of 6102918 and 78?
6
Calculate the greatest common divisor of 16 and 474565240.
8
What is the greatest common divisor of 3559560 and 5295?
15
What is the highest common divisor of 9283551 and 4812?
1203
What is the greatest common divisor of 460630 and 384126?
146
Calculate the greatest common divisor of 56728502 and 147868.
10562
Calculate the highest common divisor of 6422316 and 16.
4
What is the highest common divisor of 66 and 58408394?
22
Calculate the highest common divisor of 21841830 and 10830.
570
What is the highest common factor of 4500433 and 23?
23
What is the highest common factor of 57066 and 24?
6
Calculate the greatest common divisor of 1888 and 988960.
32
Calculate the greatest common divisor of 740 and 38817070.
370
Calculate the greatest common divisor of 673860 and 86130.
330
What is the greatest common divisor of 1000 and 57828280?
40
Calculate the highest common factor of 9514 and 51759.
71
What is the greatest common divisor of 8618320 and 2720?
1360
Calculate the highest common divisor of 22 and 482699448.
22
What is the greatest common divisor of 3556 and 12083796?
508
What is the greatest common factor of 300 and 2306016600?
300
Calculate the greatest common factor of 27297 and 329913.
81
Calculate the highest common divisor of 5135890 and 24320.
190
Calculate the greatest common divisor of 3005108 and 196.
4
Calculate the greatest common divisor of 432 and 224896.
16
What is the highest common factor of 906 and 122975155?
151
Calculate the greatest common divisor of 13014 and 2733.
3
What is the greatest common divisor of 23220 and 5459022?
2322
What is the highest common divisor of 59 and 19275890?
59
What is the greatest common factor of 977580 and 6?
6
Calculate the greatest common factor of 730 and 163410.
10
Calculate the greatest common divisor of 132 and 24449676.
12
What is the highest common factor of 5323056 and 3792?
48
What is the highest common factor of 144026 and 227250?
202
Calculate the greatest common divisor of 12881804 and 3438.
382
What is the highest common divisor of 307860 and 125160?
420
What is the greatest common divisor of 2628 and 2296288?
292
What is the greatest common factor of 3666377 and 5291?
143
What is the highest common divisor of 1 and 218048534?
1
What is the highest common divisor of 16055 and 26410?
95
Calculate the greatest common factor of 113776864 and 608.
608
What is the greatest common factor of 232500 and 2863470?
930
Calculate the greatest common divisor of 4875 and 924375.
375
What is the greatest common factor of 322 and 445924437?
161
What is the greatest common factor of 10125 and 50355?
135
What is the highest common divisor of 3366 and 16431588?
306
Calculate the highest common divisor of 524 and 955088.
4
What is the greatest common divisor of 18525 and 223269?
57
What is the greatest common factor of 4460 and 343820?
20
What is the greatest common factor of 885 and 44415?
15
What is the highest common divisor of 3991432 and 1066?
82
What is the greatest common divisor of 265 and 1806785?
5
What is the greatest common divisor of 10209 and 1604805?
249
Calculate the highest common factor of 368244 and 2438.
106
Calculate the highest common factor of 6601 and 1416317.
161
What is the greatest common divisor of 100 and 12121840?
20
What is the highest common factor of 342044 and 6873176?
1468
What is the highest common factor of 1485261593 and 56695?
11339
Calculate the greatest common factor of 3516 and 5120175.
879
Calculate the highest common factor of 25848 and 1607961.
1077
Calculate the highest common divisor of 783528 and 264.
24
Calculate the highest common divisor of 405641823 and 3772.
943
What is the greatest common factor of 247491 and 7512363?
963
Calculate the highest common factor of 1027235 and 319.
11
What is the greatest common factor of 2565266 and 55?
11
Calculate the highest common factor of 3197432 and 1498.
14
Calculate the greatest common divisor of 65 and 58569407.
13
What is the greatest common divisor of 2672